m?
2, 3
Suppose -7*h + 98 + 63 = 0. Let n(t) = t**3 + 10*t**2 + 6*t + 4. Let d be n(-4). Suppose -4*x - 4*c = -d, x - 2*c - h = 8. What are the prime factors of x?
23
Let i = 1404 + -996. What are the prime factors of i?
2, 3, 17
Let k(z) = -z**3 - 25*z**2 + 14*z + 51. What are the prime factors of k(-26)?
3, 11
Let p = 4 - 6. Let h be p - -3 - 1 - 57. List the prime factors of h/(-6)*(1 + 1).
19
Let y(o) = -o**2 - o + 10. Let m be y(-4). Let c(n) = 64*n**2 - 2*n - 2. What are the prime factors of c(m)?
2, 3, 43
Let f = 1295 - 1135. What are the prime factors of f?
2, 5
What are the prime factors of 0 - -3 - (-702 - (-1 + -3))?
701
Let y(t) = t**3 + 2*t**2 - 4*t - 1. Suppose -2*k + 6 = -4*k. Let q be y(k). What are the prime factors of (1 + 32)*(3 - q)?
3, 11
Suppose -71 = -8*h + 25. Let v(f) = 14*f - 12. List the prime factors of v(h).
2, 3, 13
Suppose 2*k + 6 = 4. Let q = 24 - k. What are the prime factors of q?
5
Let a(l) = -15*l + 139. What are the prime factors of a(-41)?
2, 13, 29
Let v be 26656/208 + (-4)/26. Suppose -4*b - b + v = 3*f, 2*b = 5*f - 203. List the prime factors of f.
41
Let c = -4557 + 7619. List the prime factors of c.
2, 1531
Suppose 0 = -g + 3*i + 3, 5*g - 12 = 2*i + 29. List the prime factors of (-2)/g - (-290)/9.
2
Let k(q) = 39*q**2 - 46*q + 19. List the prime factors of k(6).
31, 37
Let l = -1094 + 2385. List the prime factors of l.
1291
Let m(i) = 109*i - 26. What are the prime factors of m(4)?
2, 5, 41
Let k be (-10)/(-3) + (-4)/12. Suppose -k*v = -7*v - 16. List the prime factors of (-187)/v + (-6)/8.
2, 23
Let w(h) be the second derivative of h**4/6 + 4*h**3/3 + 6*h**2 - 23*h. What are the prime factors of w(-6)?
2, 3
Let o(p) = 3*p**2 + 3*p - 2. List the prime factors of o(6).
2, 31
Let d be (-300)/18*(2 + -20). Suppose 8*w - 12*w + d = 0. List the prime factors of w.
3, 5
Let q(i) = -i**2 - 2*i - 3. Suppose -2*c = -0*c - 4*m + 26, -2*c - 4*m = -6. Let b be q(c). Let y = b - -33. List the prime factors of y.
3, 5
Suppose o = -3*r + 703, 2089 = -8*o + 11*o - r. List the prime factors of o.
17, 41
Suppose 0 = 2*i - 4427 - 6937. What are the prime factors of i?
2, 3, 947
Let q(z) = 31*z**2 - 11*z + 62. List the prime factors of q(-8).
2, 11, 97
Let w(x) = x**2 + 4*x - 1. Let u be w(-4). Let d(a) = -4*a + 31. Let l be d(6). Let m = u + l. List the prime factors of m.
2, 3
Let j(m) = 4*m**2 + 34*m + 130. What are the prime factors of j(-12)?
2, 149
Let v(r) = r**3 - r**2 - r + 1070. List the prime factors of v(0).
2, 5, 107
Let u be -2 + 7 - (3 - 3). Let c(z) = z + 5. Let x be c(u). Let l = x - 5. List the prime factors of l.
5
Let x = 945 - 620. What are the prime factors of x?
5, 13
Let w = 20 + -84. Let t be (w/(-12))/(2/(-6)). What are the prime factors of -4*4/t - -58?
59
Suppose -2*r = 2*o - 750, -r = 4*o - 6*o + 750. List the prime factors of o.
3, 5
Suppose 170 + 130 = -6*w. List the prime factors of (-10)/w + (-1268)/(-10).
127
Let t(b) = 2*b**2 - 4*b + 20. Suppose 11*q - 7 - 48 = 0. List the prime factors of t(q).
2, 5
Let p(r) be the second derivative of -r**4/12 + 13*r**3/3 - 5*r**2/2 + 4*r. Let v be p(15). Suppose v = -21*h + 26*h. What are the prime factors of h?
2
Let c(p) = p + 249. Let f be c(0). Suppose -18*j = -21*j + f. List the prime factors of j.
83
Suppose 0 = -5*h + m + 1301, 2*h + 0*m = 3*m + 523. List the prime factors of h.
2, 5, 13
Suppose -292 = -s + 2*j, -s + 4*j + 298 = -0*j. Suppose -2*f = -3*o + o + s, 3*f + 141 = o. Suppose -2*v + o = 2*v. What are the prime factors of v?
2, 3
Suppose 6*p - 3520 = -2*r, 5*r - 2235 = -4*p + 6510. What are the prime factors of r?
5, 349
Let l = 11 - 17. Let t be 13/(-5) + l/15. List the prime factors of (-6)/(-4)*(-116)/t.
2, 29
Let t be ((-30)/(-40) - (-5)/4)*2. Suppose t*l = 2*l + 526. What are the prime factors of l?
263
Let a(h) = 38 - h**2 + 2*h**2 + 2*h + h + 30. List the prime factors of a(0).
2, 17
Let j(v) = 20*v**2 - 2*v + 2. Let h be j(2). Let d = -124 - -124. Suppose d = 2*l - 2*t - h, 2*l + t + t = 66. List the prime factors of l.
2, 3
Suppose -5*w + p = -7133, 4*w + 5*p - 3143 = 2575. What are the prime factors of w?
1427
What are the prime factors of ((-203)/(-35) - 7)/(6/(-590))?
2, 59
Let i(y) = -3*y - 9. Let f be i(3). Let k = f + -18. Let c = k + 85. List the prime factors of c.
7
Let n = 117 + 94. Suppose 65 + n = 4*i. List the prime factors of i.
3, 23
What are the prime factors of (3 - 2/(-4)*-4) + 1317?
2, 659
Suppose -396 = -3*g - 3*o, 3*g + o - 398 = -0*g. List the prime factors of g.
7, 19
Suppose 60 + 30 = 5*u. Let h be 587/9 + (-4)/u. Let f = h - 37. List the prime factors of f.
2, 7
Suppose 9*l + r = 4*l + 476, 0 = 3*l + 3*r - 276. List the prime factors of l.
2, 3
Let l(t) = 4 - t + 0 - 4 - 4. Let v be l(-3). Let m(j) = -37*j**3 + j**2 + j. What are the prime factors of m(v)?
37
Suppose 16 = 4*q, 0 = -5*j - 379*q + 382*q - 17. Suppose 4*n + 28 = 4. What are the prime factors of (-1)/((j - n)/(-145))?
29
Suppose r - 3*n - n - 40 = 0, 5*r + 4*n - 224 = 0. Let v = r + 33. List the prime factors of v.
7, 11
Let d be (-4)/(-6) - (-17)/(-3). Let a = 52 + -81. Let b = d - a. What are the prime factors of b?
2, 3
Let z(y) = 9*y + 2. Let a be z(0). List the prime factors of (a + 0 - -115) + -3.
2, 3, 19
List the prime factors of (-90)/(-12)*(-11990)/(-33).
5, 109
Suppose -5*v = -8*v + 69. Let q = -18 + v. What are the prime factors of q?
5
Let c(o) = 2*o + 49. Let j be c(9). Suppose 56 + j = q + 2*g, 108 = q - g. What are the prime factors of q?
113
Let g(h) = 18*h**2 - 118*h + 1. What are the prime factors of g(-6)?
23, 59
Suppose -4417 = -3*f - 4*t, -4*f = -0*f - 2*t - 5882. What are the prime factors of f?
1471
Let g = 1293 - 657. List the prime factors of g.
2, 3, 53
Let q(g) = -g**3 + 5*g**2 + 3*g + 3. Let l be q(5). Suppose 0 = -8*w + 7*w + l. What are the prime factors of w?
2, 3
Let g(n) = -n**3 - 21*n**2 - 18*n - 6. What are the prime factors of g(-24)?
2, 3, 359
Suppose -52*t - 28248 = -63*t. What are the prime factors of t?
2, 3, 107
Let b = -6 - -21. Suppose -b*j + 128 = -13*j. What are the prime factors of j?
2
Let f = -1389 - -2210. What are the prime factors of f?
821
Suppose 44*j + 77064 = 68*j. What are the prime factors of j?
13, 19
Suppose 2*m - m = 3. Suppose m*b = -3*p + 42, -b - 4*p + 9 = 1. List the prime factors of (99/12)/(6/b).
2, 11
Let d = 68 + -32. What are the prime factors of d?
2, 3
Let f(a) = -497*a + 39. List the prime factors of f(-3).
2, 3, 5, 17
Let h be -2*(-2 + 1/(-2)). Let s = -15 + 43. Suppose 3*m + h*p - s = 0, 5*m + 3*p - 68 = -0*m. What are the prime factors of m?
2
Let d(c) be the second derivative of -c**5/20 - 2*c**4/3 - 5*c**3/2 - c**2/2 + 11*c. What are the prime factors of d(-6)?
17
Let k(a) = -35*a + 109. List the prime factors of k(-7).
2, 3, 59
Suppose 0 = -4*i - 5*h + 9216, -4594 = -2*i + 31*h - 30*h. What are the prime factors of i?
11, 19
Let k(b) = -b**3 + 11*b**2 + 14*b - 16. Let t = -39 + 48. What are the prime factors of k(t)?
2, 17
Let r(s) = 3*s**2 - 25*s + 16. What are the prime factors of r(-20)?
2, 3, 11, 13
Let a = -112 + 59. Let q = a + 96. List the prime factors of q.
43
Let h = -1300 - -1352. What are the prime factors of h?
2, 13
List the prime factors of (16/(-12))/(6/(-3789)).
2, 421
Let u = 41 - 50. Let d = u - -22. What are the prime factors of d?
13
Suppose 6*n - 12 = 3*n. Suppose 3*y = 0, 2*y + 1 = b - n. Suppose b*m - m - 116 = 0. What are the prime factors of m?
29
Suppose -8 = d + 3*d + 5*q, -3*d + 4*q + 25 = 0. Let n = 245 - d. List the prime factors of n.
2, 11
Let j = 0 - 6. Let s(y) = -y**2 - 10*y - 8. Let o be s(-6). Let n = o - j. List the prime factors of n.
2, 11
Suppose -5*x + 80185 = -3*o, -6*x + 48140 = -3*x + 4*o. List the prime factors of (x/(-55))/(-2) + (-4)/(-22).
2, 73
Let r(t) be the first derivative of 3*t**5/10 + t**4/12 - 5*t**3/6 + t**2 - 8*t - 10. Let o(b) be the first derivative of r(b). List the prime factors of o(2).
2, 11
What are the prime factors of 3965*(0 + 16/20) + 0?
2, 13, 61
Suppose 6*m - 5*m - 17 = 0. Suppose -2*t + m = -25. Suppose -5*b + t + 19 = 0. List the prime factors of b.
2
Let m(i) = i**3 - 7*i**2 - 7*i + 18. Let s be m(9). Suppose 3*j - 5*a + 20 = 228, -2*j - a = -s. What are the prime factors of j?
61